9 + 181).
3
What is 14 + 3 + -48 + 14 + -12 + -1?
-30
What is -16 + (-17 - (11 - 30)) - -3?
-11
What is the value of 147 + -5 + (41 - 55) + -1 + 6?
133
Evaluate (16 - 3) + -76 + 49 + -13.
-27
Evaluate 2 + -23 + 34 + -39 + 15.
-11
42 - (59 + (29 - -13)) - -35
-24
0 + 0 + -14 - (-295 + -21 + 300)
2
Evaluate 63 + (-11 + 13 - -84).
149
What is the value of 48 + 24 + -32 + (-2 - (2 + -14))?
50
What is the value of (-113 - -205) + -11 + -13?
68
What is -107 + -86 + 148 + 3?
-42
-11 + (45 - 33) + 19
20
120 + -2 - (81 + (62 - 137))
112
(5 - 2) + 1 + -103 + 122
23
-90 + 178 + -8 + -3
77
Evaluate 159 + -128 + 32 + -107.
-44
What is the value of -51 + (0 - (-5 - 16)) - 0?
-30
29 - ((-12 - -76) + 26 + -23)
-38
Calculate (-6 - 15) + -143 - -27 - (0 + 2 - 10).
-129
What is the value of -101 - -102 - (-3 - (-10 + 2))?
-4
Calculate 30 + (31 + -23 - -5) - (1 + -6).
48
Evaluate 4326 + -4307 + (4 - 1 - -134).
156
(2 - -41) + 0 + 0 + 4 + -582 + 580
45
What is 45 + (2 - (-2 - -7) - -11 - (-10 - -5))?
58
1 - (-2 - 0) - (-42 + 11 + -9 + 5)
38
What is the value of -28 + 34 + -9 + 46 + 24?
67
What is the value of 5 + -30 - (17 + (3 + -10 - (-44 + 44)))?
-35
(913 - 954) + -3 + -6 + -11 + 5
-56
What is the value of 2 + 42 + (-18 - -23) + 3?
52
Calculate -9 + 103 - (-78 + 115).
57
Calculate (-24 - (-113 + 93)) + -11 + 1 - (-3 - 57).
46
What is (-8 - 54 - -26) + (-2 - 2) + -2?
-42
Evaluate -3752 + 3835 + (5 - -1).
89
(215 + -223 - (40 + -5 - -5)) + 14
-34
Calculate -7 - (47 + -44) - (-1 - 0 - -10 - -4).
-23
Evaluate 72 - (13 - (-1 + 21 + -11)).
68
Calculate (-6 - (-8 + -1)) + -7 - (8 - -6).
-18
Evaluate (20 + -5 - -55) + -65.
5
(88 - 162 - -107) + (0 - -1)
34
Evaluate (-8 - -54) + 18 - (1 - 10) - 7.
66
What is the value of 1717 + -1753 + 63 + -1?
26
What is (7 - 1 - -4) + (1 - (-12 + -58)) + -7?
74
(70 - 76) + -15 + -53
-74
16 + (-49 - 2) + 69
34
-54 + 52 + (-1 - -2) + -48 + 11
-38
Evaluate 289 - (108 - -167) - (-1 + 1 + -6).
20
-23 + 24 + 13 + -5 + -23
-14
Calculate (4 - -117) + (234 - 294).
61
What is the value of (6 - (-9 - -2 - -7)) + 45 + -49 + 0?
2
What is the value of (18 - (73 + -18 + -18)) + 19?
0
Calculate 23 + (-67 - 2) + 46.
0
What is (2 + 8 - (25 - 5)) + 10?
0
-8273 - -8271 - (-1 - -64)
-65
What is the value of 11 + (1 - 7) + -97 + 105 + -9 + 1?
5
Calculate 18 + (-1 - 8) + 67 + (10 - (9 - -3)).
74
What is -92 + (22 - -22) - -55?
7
What is 3 + 7 + 23 + -26?
7
What is the value of -9 + (1 - (-4 + 4 - 9)) + (15 - 12)?
4
What is (14 - ((31 - 3) + -12)) + (2 - -63)?
63
What is the value of 40 + (21 - 44) + (-3 - 2) + -48?
-36
Calculate (-9 - -4 - -62) + (9 - 3 - 21).
42
Evaluate (-38 - -8) + (195 - 151) - (56 + 1).
-43
(-30 + -36 - -87) + 0 + 23
44
What is the value of 15 + 13 + -34 + 19 + -14 + -56?
-57
Calculate -58 + 15 + -11 + (5 - -3) + 3 + 9.
-34
What is 11 + 0 + (-25 - -25) + (35 - (-6 - -52))?
0
Calculate -113 + (33 + -38 - (22 - -2)).
-142
What is the value of (-1 - 48) + -8 + (-12 - 16)?
-85
What is 22 + (-16 - (7 + 36))?
-37
Evaluate 89 + 141 + (-77 - 56).
97
What is -23 - (-15 - -4) - (-3 + (-10 - -7))?
-6
Evaluate 8 + -14 + -4 - (-36 + 12 - (1 - 2)).
13
What is the value of -8 - (((19 - -32) + -19 - 133) + 9 + 0)?
84
What is the value of 88 - (108 - 77) - 132?
-75
(7 - 5) + -6 - (48 - 58)
6
26 + 26 + (-17 - -18) + -9
44
What is (-2 - -24) + (16043 - 16195)?
-130
What is the value of 50 + -49 + (14 - -18)?
33
14 + (-20 - -1) - (26 - 5)
-26
What is the value of (1154 - 1151) + (-37 - 2)?
-36
Evaluate -137 + 135 - (3 + -3 + (47 - -2)).
-51
0 + -25 - ((226 - 3) + -212)
-36
What is -7 - (71 + (-25 - -38) - 42)?
-49
Evaluate (-8 - -2) + -6 + 105 + -2 + -44 + 56.
103
Calculate -16 + 30 + -29 + 48 + 30.
63
Evaluate 59 + (-47 - -84) + -78.
18
What is 1 + 2 + (-6 - 14 - 2)?
-19
What is 38 + -9 + (-3 - -2) + 2?
30
Calculate 5 - (-14 + -11 + 3 + 41).
-14
Evaluate 186 + -198 + (0 - -2 - (-8 - -4) - -2).
-4
What is the value of 33 + 60 + -19 + -3 + -19?
52
What is the value of 15 + (-13 - -6) - (-25 + 1)?
32
Calculate 84 - (7 + 22 + -6) - 16.
45
Evaluate 37 + (-9 - (11 + -37) - 31) + 15.
38
Evaluate 69 - 56 - (-4 - 29).
46
Calculate -59 + 0 + 3 + (-2 - 1) + 209 + -213.
-63
What is the value of 238 + -250 - (-3 - (5 - (-4 - -8)))?
-8
What is -133 + 99 + -64 + -25?
-123
Calculate -2 - (-2 + 4 - 9 - -5) - (14 - -53).
-67
Calculate -28 + -5 + 0 - (8 - -1) - (4 + -10).
-36
-17 - -39 - (-68 - -57)
33
Calculate -14 + (-38 - -64 - -34).
46
Calculate -232 - (-322 - -162) - (1 + (0 - 2)).
-71
Calculate -29 - (16 - -2) - 29 - -2.
-74
(-4 + 1 - (32 + -13)) + 83
61
19 + (10 - 37 - (-33 - -29))
-4
Calculate 12808 - 12930 - (-1 - 194).
73
What is 84 - (-19 - (-6 + -11 + 9 + -7 + 7))?
95
What is the value of (8 + -55 - -68) + (-19 - -1) + (2 - 108)?
-103
What is the value of ((-6 - 29) + 14 - -81) + 16?
76
Calculate 1 + (-15 - -4) + (-2 - -15) + (-38 - -1).
-34
(0 - -16) + (-65 - 0 - (-168 - -145 - 6))
-20
Calculate -89 - (0 - (-1 - 11 - -22 - 28)).
-107
Calculate -6 + -11 + (8 - 3) - (16 - (-47 + 20)).
-55
What is the value of 0 + (10 - -2 - (-13 - (10 + -2 - 3)))?
30
What is the value of -9 - (15 + -15 + 37 + -11 + -16)?
-19
What is 24 + (-8 - -2) + -7 + (20 - (16 - 12))?
27
What is 49 + -22 - (1 - -2 - (0 - 1))?
23
What is the value of 37 + 94 + -82 - (-10 + (0 - -2))?
57
What is the value of (17 - 41) + -30 + 9 + 0?
-45
Evaluate -32 + -6 + 37 - (-44 - -7).
36
What is the value of -18 + (18 - -3) + (5 - 11) + -5?
-8
What is the value of 2 + (-1 - (16 + -10) - 33)?
-38
What is (8 - 1) + -26 + (-1 - (-12 - (-11 + -1)))?
-20
What is the value of (2 - -5) + -15 + (1 - (4 + -18))?
7
1 + 30 + (5 - (-1 - (2 + 6 + -6)))
39
Calculate (-353 - -405) + -5 + 9 + -26.
30
What is the value of (1 - (2 - (-30 - -21))) + (-1 - 20)?
-31
What is the value of -21 + 51 + (42 - 60)?
12
-118 + (18 - -31) + 12
-57
Evaluate 7 + -19 + 7 + 0 - (105 + (10 - 7)).
-113
What is the value of (16 - (-57 - -9)) + -12 + -12?
40
What is the value of 25 + -2 + (-16 - 0) + (-32 - 0) + -3?
-28
-10 + -21 + 7 + (14 - 138) + 5
-143
What is 0 + -1 + -75 + (-62 - -26) + 29 + 1?
-82
-140 - ((-24 - 133) + 116)
-99
22 + (-32 - -28) + -23
-5
What is the value of 44 - 9 - -7 - (0 + 3 + -7)?
46
What is the value of (0 - 2) + 3 + 11 - (-329 + 341)?
0
Calculate 57 + -43 + (0 - 18) + 58 + 11.
65
(1334 - 1265) + (-1 - 43)
25
2 + 26 + -45 + -12
-29
What is -1 + 2 - (27 - (-4 + 17) - -3)?
-16
Calculate -9 + 5 + (52 - 43) + (-3 - 10).
-8
What is 87 - (-499 - -525 - (-6 + -2))?
53
Evaluate 0 + -13 - (292 + -281) - 3.
-27
Calculate (9 - -2) + (3 - 15 - 2 - -7).
4
What is the value of -10 + (-24 + 25 - (27 + -3))?
-33
What is -50 + 81 + 47 - -6?
84
Evaluate (-1364 - -1276) + (9 - 8).
-87
Evaluate 3 - (9 - (-14 + 23 + 0)).
3
Evaluate -137 + -3 + 6 + 5 + -1 + -10.
-140
Calculate 7752 + -7750 + (3 - (3 + -1) - 6).
-3
What is 10 - 0 - (18 - 17 - -4 - (12 - 2))?
15
Calculate 19 + (-7 - (3 + 22)) - (0 + 0 - -1).
-14
40 + 30 - (-5 + 35)
40
(-31 - -24 - -28) + -12
9
Evaluate 34 - (-9 + 48) - (-3 + 62).
-64
What is -7 + -5 + 12 + 3 + (-5 - 2)?
-4
-7 + 17 - ((-7 - -11 - 9) + 50)
-35
What is (1 - 115) + 0 + 0 + 2510 + -1365 + -1132?
-101
What is the value of (1 - (0 - 48)) + (-5 - (22 - 12))?
34
What is (-764 - -849) + -11 + 0 + 19 + -17?
76
Calculate -24 + 5 + (-23 - -42) + -8.
-8
Calculate -9 - (10 + -12 + -11 - -5).
-1
What is (0 - -27) + (-92 - 12)?
-77
-44 + (81 - 40) - 82
-85
Evaluate -90 + 7 + 21 - -52.
-10
What is the value of 9 + (52 - -6) + -6?
61
Calculate 0 + -61 - (93 + -203 + 126).
-77
What is -47 + 233 + -213 - (17 + -1)?
-43
Evaluate (-49 - -111) + -79 + 39 + 2.
24
What is the value of 10 + (-12 - (2 + -10)) + 50?
56
Evaluate -43 + (27 - -47) - (33 + 4).
-6
Evaluate 26 + -23 + 12 - (11 + 0).
4
What is 212 + -206 + 4 + -4 + 1 + 38?
45
Calculate (-3 - -1) + -1 - -6 - ((-27 - -101) + -49).
-22
Evaluate -7 + (3 + -1 + -5 - (13 + -30)) - 60.
-53
Calculate (-15 - (37 + -41)) + 55.
44
Calculate 11 - (-6 + (5 - 7 - -7) + 3 + -2).
11
(2 - -9 - 0) + (47 - (-95 - -119))
34
Calculate 0 + -11 + 25 - ((27 - 2) + 2).
-13
Calculate (10 - -4 - (0 - (20 - -21))) + -8.
47
Calculate 22 + -2 + (-39 + 117 - 52).
46
10 - (-19 + 26) - (-38 + 8 + 0)
33
Evaluate (0 - -1) + -54 - (-66 + 53).
-40
What is the value of (5 - -1) + (-12 - 8) + 175 + -221?
-60